{"id":2563,"date":"2023-02-20T11:24:07","date_gmt":"2023-02-20T11:24:07","guid":{"rendered":"https:\/\/vernerabogados.com\/avis-legal\/"},"modified":"2023-02-20T11:24:07","modified_gmt":"2023-02-20T11:24:07","slug":"avis-legal","status":"publish","type":"page","link":"https:\/\/vernerabogados.com\/ca\/avis-legal\/","title":{"rendered":"AV\u00cdS LEGAL"},"content":{"rendered":"<p>En compliment amb el deure d&#8217;informaci\u00f3 recollit en article 10 de la Llei 34\/2002, d&#8217;11 de juliol, de Serveis de la Societat de la Informaci\u00f3 i del Comer\u00e7 Electr\u00f2nic (LSSICE) , el propietari de la web , l&#8217;informa del seg\u00fcent<\/p>\n<ul>\n<li style=\"list-style-type: none;\">\n<ul>\n<li>\u2022 Denominaci\u00f3 social: Verner Estudi Legal S.L.P<\/li>\n<li>NIF: B44547529<\/li>\n<li>\u2022 Domicili: C\/ Par\u00eds,160, 1r, 2a, 08036 &#8211; Barcelona (Barcelona)<\/li>\n<\/ul>\n<\/li>\n<\/ul>\n<p>Inscrita en el Registre Mercantil de BARCELONA al Tom 48625, foli 86, secci\u00f3 , fulla n\u00famero B-590505, inscripci\u00f3 1<\/p>\n<ul>\n<li style=\"list-style-type: none;\">\n<ul>\n<li>\u2022 Col\u00b7legi professional: IL\u00b7LLUSTRE \u2022 Col\u00b7legiat: 34732<\/li>\n<li>\u2022 Col\u00b7legiat: 34732<\/li>\n<li>\u2022 T\u00edtol acad\u00e8mic: UNIVERSITARI<\/li>\n<li>\u2022 Estat d&#8217;expedici\u00f3: ESPANYA<\/li>\n<li>\u2022 Normes deontol\u00f2giques: ESPANYOLES<\/li>\n<li>\u2022 Enlla\u00e7 consulta deontol\u00f2giques:<\/li>\n<\/ul>\n<\/li>\n<\/ul>\n<p>Amb els l\u00edmits establerts en la llei, responsabilitat derivada de la falta de veracitat, integritat, actualitzaci\u00f3 i precisi\u00f3 de les dades o informacions que contenen les seves p\u00e0gines web.<\/p>\n<p>Els continguts i informaci\u00f3 no vinculen a tant, COL\u00b7LEGI Verner Estudi Verner Legal S.L.P no assumeix cap Estudi Legal S.L.P ni constitueixen opinions, consells o assessorament legal de cap mena perqu\u00e8 es tracta merament<\/p>\n<p>d&#8217;un servei ofert amb car\u00e0cter informatiu i divulgatiu.<\/p>\n<p>Les p\u00e0gines d&#8217;Internet de Verner Estudi Legal S.L.P poden contenir enlla\u00e7os (links) a altres p\u00e0gines de terceres parts que Verner Estudi Legal S.L.P no pot controlar. Per Verner Estudi Legal S.L.P no pot assumir responsabilitats pel contingut que pugui apar\u00e8ixer en p\u00e0gines de tercers.<\/p>\n<p>Els textos, imatges, sons, animacions, programari i la resta de continguts inclosos en aquest website s\u00f3n propietat exclusiva de Verner Estudi Legal S.L.P o els seus llicenciadors. Qualsevol acte de transmissi\u00f3, distribuci\u00f3, cessi\u00f3, reproducci\u00f3, emmagatzematge o comunicaci\u00f3 p\u00fablica total o parcial, haur\u00e0 de comptar amb el<\/p>\n<p>consentiment expr\u00e9s de Verner Estudi Legal S.L.P.<\/p>\n<p>Aix\u00ed mateix, per a accedir a alguns dels serveis que Verner Estudi Legal S.L.P ofereix a trav\u00e9s del lloc web, haur\u00e0 de proporcionar algunes dades de car\u00e0cter personal. En compliment del que s&#8217;estableix en el Reglament (UE) 2016\/679 del Parlament Europeu i del Consell, de 27 d&#8217;abril de 2016, relatiu a la protecci\u00f3 de les persones f\u00edsiques pel que fa al tractament de dades personals i a la<\/p>\n<p>lliure circulaci\u00f3 d&#8217;aquestes dades l&#8217;informem que, mitjan\u00e7ant l&#8217;emplenament dels presents formularis, les seves dades personals quedaran incorporats i seran<\/p>\n<p>tractats en els fitxers de Verner Estudi Legal S.L.P amb la finalitat de poder-li prestar i oferir els nostres serveis aix\u00ed com per a informar-lo de les millores del lloc web.<\/p>\n<p>L&#8217;informem tamb\u00e9 que tindr\u00e0 la possibilitat en tot moment d&#8217;exercir els drets d&#8217;acc\u00e9s, rectificaci\u00f3, cancel\u00b7laci\u00f3, oposici\u00f3, limitaci\u00f3 i portabilitat de les seves dades de car\u00e0cter personal, de manera gratu\u00efta mitjan\u00e7ant email a: info.barcelona@vernerabogados.com o en l&#8217;adre\u00e7a: C\/ Par\u00eds,160, 1r, 2a, 08036 &#8211; Barcelona (Barcelona).<\/p>\n","protected":false},"excerpt":{"rendered":"<p>En compliment amb el deure d&#8217;informaci\u00f3 recollit en article 10 de la Llei 34\/2002, d&#8217;11 de juliol, de Serveis de la Societat de la Informaci\u00f3 i del Comer\u00e7 Electr\u00f2nic (LSSICE) , el propietari de la web , l&#8217;informa del seg\u00fcent \u2022 Denominaci\u00f3 social: Verner Estudi Legal S.L.P NIF: B44547529 \u2022 Domicili: C\/ Par\u00eds,160, 1r, 2a, [&hellip;]<\/p>\n","protected":false},"author":5,"featured_media":0,"parent":0,"menu_order":0,"comment_status":"closed","ping_status":"closed","template":"","meta":{"_joinchat":[],"footnotes":""},"class_list":["post-2563","page","type-page","status-publish","hentry"],"yoast_head":"<!-- This site is optimized with the Yoast SEO plugin v27.3 - https:\/\/yoast.com\/product\/yoast-seo-wordpress\/ -->\n<title>AV\u00cdS LEGAL - Verner Abogados<\/title>\n<meta name=\"robots\" content=\"noindex, nofollow\" \/>\n<meta property=\"og:locale\" content=\"ca_ES\" \/>\n<meta property=\"og:type\" content=\"article\" \/>\n<meta property=\"og:title\" content=\"AV\u00cdS LEGAL - Verner Abogados\" \/>\n<meta property=\"og:description\" content=\"En compliment amb el deure d&#8217;informaci\u00f3 recollit en article 10 de la Llei 34\/2002, d&#8217;11 de juliol, de Serveis de la Societat de la Informaci\u00f3 i del Comer\u00e7 Electr\u00f2nic (LSSICE) , el propietari de la web , l&#8217;informa del seg\u00fcent \u2022 Denominaci\u00f3 social: Verner Estudi Legal S.L.P NIF: B44547529 \u2022 Domicili: C\/ Par\u00eds,160, 1r, 2a, [&hellip;]\" \/>\n<meta property=\"og:url\" content=\"https:\/\/vernerabogados.com\/ca\/avis-legal\/\" \/>\n<meta property=\"og:site_name\" content=\"Verner Abogados\" \/>\n<meta property=\"og:image\" content=\"https:\/\/vernerabogados.com\/wp-content\/uploads\/2023\/02\/oficina-04-verner.jpg\" \/>\n\t<meta property=\"og:image:width\" content=\"1600\" \/>\n\t<meta property=\"og:image:height\" content=\"2133\" \/>\n\t<meta property=\"og:image:type\" content=\"image\/jpeg\" \/>\n<meta name=\"twitter:card\" content=\"summary_large_image\" \/>\n<meta name=\"twitter:label1\" content=\"Temps estimat de lectura\" \/>\n\t<meta name=\"twitter:data1\" content=\"2 minuts\" \/>\n<script type=\"application\/ld+json\" class=\"yoast-schema-graph\">{\"@context\":\"https:\\\/\\\/schema.org\",\"@graph\":[{\"@type\":\"WebPage\",\"@id\":\"https:\\\/\\\/vernerabogados.com\\\/ca\\\/avis-legal\\\/\",\"url\":\"https:\\\/\\\/vernerabogados.com\\\/ca\\\/avis-legal\\\/\",\"name\":\"AV\u00cdS LEGAL - Verner Abogados\",\"isPartOf\":{\"@id\":\"https:\\\/\\\/vernerabogados.com\\\/ca\\\/#website\"},\"datePublished\":\"2023-02-20T11:24:07+00:00\",\"breadcrumb\":{\"@id\":\"https:\\\/\\\/vernerabogados.com\\\/ca\\\/avis-legal\\\/#breadcrumb\"},\"inLanguage\":\"ca\",\"potentialAction\":[{\"@type\":\"ReadAction\",\"target\":[\"https:\\\/\\\/vernerabogados.com\\\/ca\\\/avis-legal\\\/\"]}]},{\"@type\":\"BreadcrumbList\",\"@id\":\"https:\\\/\\\/vernerabogados.com\\\/ca\\\/avis-legal\\\/#breadcrumb\",\"itemListElement\":[{\"@type\":\"ListItem\",\"position\":1,\"name\":\"Portada\",\"item\":\"https:\\\/\\\/vernerabogados.com\\\/ca\\\/\"},{\"@type\":\"ListItem\",\"position\":2,\"name\":\"AV\u00cdS LEGAL\"}]},{\"@type\":\"WebSite\",\"@id\":\"https:\\\/\\\/vernerabogados.com\\\/ca\\\/#website\",\"url\":\"https:\\\/\\\/vernerabogados.com\\\/ca\\\/\",\"name\":\"Verner Abogados\",\"description\":\"Abogados en Barcelona y Andorra. Proteger a nuestros clientes, nuestra prioridad\",\"publisher\":{\"@id\":\"https:\\\/\\\/vernerabogados.com\\\/ca\\\/#organization\"},\"alternateName\":\"Verner\",\"potentialAction\":[{\"@type\":\"SearchAction\",\"target\":{\"@type\":\"EntryPoint\",\"urlTemplate\":\"https:\\\/\\\/vernerabogados.com\\\/ca\\\/?s={search_term_string}\"},\"query-input\":{\"@type\":\"PropertyValueSpecification\",\"valueRequired\":true,\"valueName\":\"search_term_string\"}}],\"inLanguage\":\"ca\"},{\"@type\":\"Organization\",\"@id\":\"https:\\\/\\\/vernerabogados.com\\\/ca\\\/#organization\",\"name\":\"Verner Abogados\",\"url\":\"https:\\\/\\\/vernerabogados.com\\\/ca\\\/\",\"logo\":{\"@type\":\"ImageObject\",\"inLanguage\":\"ca\",\"@id\":\"https:\\\/\\\/vernerabogados.com\\\/ca\\\/#\\\/schema\\\/logo\\\/image\\\/\",\"url\":\"https:\\\/\\\/vernerabogados.com\\\/wp-content\\\/uploads\\\/2022\\\/12\\\/logo-horizontal.png\",\"contentUrl\":\"https:\\\/\\\/vernerabogados.com\\\/wp-content\\\/uploads\\\/2022\\\/12\\\/logo-horizontal.png\",\"width\":443,\"height\":67,\"caption\":\"Verner Abogados\"},\"image\":{\"@id\":\"https:\\\/\\\/vernerabogados.com\\\/ca\\\/#\\\/schema\\\/logo\\\/image\\\/\"}}]}<\/script>\n<!-- \/ Yoast SEO plugin. -->","yoast_head_json":{"title":"AV\u00cdS LEGAL - Verner Abogados","robots":{"index":"noindex","follow":"nofollow"},"og_locale":"ca_ES","og_type":"article","og_title":"AV\u00cdS LEGAL - Verner Abogados","og_description":"En compliment amb el deure d&#8217;informaci\u00f3 recollit en article 10 de la Llei 34\/2002, d&#8217;11 de juliol, de Serveis de la Societat de la Informaci\u00f3 i del Comer\u00e7 Electr\u00f2nic (LSSICE) , el propietari de la web , l&#8217;informa del seg\u00fcent \u2022 Denominaci\u00f3 social: Verner Estudi Legal S.L.P NIF: B44547529 \u2022 Domicili: C\/ Par\u00eds,160, 1r, 2a, [&hellip;]","og_url":"https:\/\/vernerabogados.com\/ca\/avis-legal\/","og_site_name":"Verner Abogados","og_image":[{"width":1600,"height":2133,"url":"https:\/\/vernerabogados.com\/wp-content\/uploads\/2023\/02\/oficina-04-verner.jpg","type":"image\/jpeg"}],"twitter_card":"summary_large_image","twitter_misc":{"Temps estimat de lectura":"2 minuts"},"schema":{"@context":"https:\/\/schema.org","@graph":[{"@type":"WebPage","@id":"https:\/\/vernerabogados.com\/ca\/avis-legal\/","url":"https:\/\/vernerabogados.com\/ca\/avis-legal\/","name":"AV\u00cdS LEGAL - Verner Abogados","isPartOf":{"@id":"https:\/\/vernerabogados.com\/ca\/#website"},"datePublished":"2023-02-20T11:24:07+00:00","breadcrumb":{"@id":"https:\/\/vernerabogados.com\/ca\/avis-legal\/#breadcrumb"},"inLanguage":"ca","potentialAction":[{"@type":"ReadAction","target":["https:\/\/vernerabogados.com\/ca\/avis-legal\/"]}]},{"@type":"BreadcrumbList","@id":"https:\/\/vernerabogados.com\/ca\/avis-legal\/#breadcrumb","itemListElement":[{"@type":"ListItem","position":1,"name":"Portada","item":"https:\/\/vernerabogados.com\/ca\/"},{"@type":"ListItem","position":2,"name":"AV\u00cdS LEGAL"}]},{"@type":"WebSite","@id":"https:\/\/vernerabogados.com\/ca\/#website","url":"https:\/\/vernerabogados.com\/ca\/","name":"Verner Abogados","description":"Abogados en Barcelona y Andorra. Proteger a nuestros clientes, nuestra prioridad","publisher":{"@id":"https:\/\/vernerabogados.com\/ca\/#organization"},"alternateName":"Verner","potentialAction":[{"@type":"SearchAction","target":{"@type":"EntryPoint","urlTemplate":"https:\/\/vernerabogados.com\/ca\/?s={search_term_string}"},"query-input":{"@type":"PropertyValueSpecification","valueRequired":true,"valueName":"search_term_string"}}],"inLanguage":"ca"},{"@type":"Organization","@id":"https:\/\/vernerabogados.com\/ca\/#organization","name":"Verner Abogados","url":"https:\/\/vernerabogados.com\/ca\/","logo":{"@type":"ImageObject","inLanguage":"ca","@id":"https:\/\/vernerabogados.com\/ca\/#\/schema\/logo\/image\/","url":"https:\/\/vernerabogados.com\/wp-content\/uploads\/2022\/12\/logo-horizontal.png","contentUrl":"https:\/\/vernerabogados.com\/wp-content\/uploads\/2022\/12\/logo-horizontal.png","width":443,"height":67,"caption":"Verner Abogados"},"image":{"@id":"https:\/\/vernerabogados.com\/ca\/#\/schema\/logo\/image\/"}}]}},"_links":{"self":[{"href":"https:\/\/vernerabogados.com\/ca\/wp-json\/wp\/v2\/pages\/2563","targetHints":{"allow":["GET"]}}],"collection":[{"href":"https:\/\/vernerabogados.com\/ca\/wp-json\/wp\/v2\/pages"}],"about":[{"href":"https:\/\/vernerabogados.com\/ca\/wp-json\/wp\/v2\/types\/page"}],"author":[{"embeddable":true,"href":"https:\/\/vernerabogados.com\/ca\/wp-json\/wp\/v2\/users\/5"}],"replies":[{"embeddable":true,"href":"https:\/\/vernerabogados.com\/ca\/wp-json\/wp\/v2\/comments?post=2563"}],"version-history":[{"count":0,"href":"https:\/\/vernerabogados.com\/ca\/wp-json\/wp\/v2\/pages\/2563\/revisions"}],"wp:attachment":[{"href":"https:\/\/vernerabogados.com\/ca\/wp-json\/wp\/v2\/media?parent=2563"}],"curies":[{"name":"wp","href":"https:\/\/api.w.org\/{rel}","templated":true}]}}

AVÍS LEGAL

<p>En compliment amb el deure d&#8217;informació recollit en article 10 de la Llei 34/2002, d&#8217;11 de juliol, de Serveis de la Societat de la Informació i del Comerç Electrònic (LSSICE) , el propietari de la web , l&#8217;informa del següent</p>
<ul>
<li style="list-style-type: none;">
<ul>
<li>• Denominació social: Verner Estudi Legal S.L.P</li>
<li>NIF: B44547529</li>
<li>• Domicili: C/ París,160, 1r, 2a, 08036 &#8211; Barcelona (Barcelona)</li>
</ul>
</li>
</ul>
<p>Inscrita en el Registre Mercantil de BARCELONA al Tom 48625, foli 86, secció , fulla número B-590505, inscripció 1</p>
<ul>
<li style="list-style-type: none;">
<ul>
<li>• Col·legi professional: IL·LLUSTRE • Col·legiat: 34732</li>
<li>• Col·legiat: 34732</li>
<li>• Títol acadèmic: UNIVERSITARI</li>
<li>• Estat d&#8217;expedició: ESPANYA</li>
<li>• Normes deontològiques: ESPANYOLES</li>
<li>• Enllaç consulta deontològiques:</li>
</ul>
</li>
</ul>
<p>Amb els límits establerts en la llei, responsabilitat derivada de la falta de veracitat, integritat, actualització i precisió de les dades o informacions que contenen les seves pàgines web.</p>
<p>Els continguts i informació no vinculen a tant, COL·LEGI Verner Estudi Verner Legal S.L.P no assumeix cap Estudi Legal S.L.P ni constitueixen opinions, consells o assessorament legal de cap mena perquè es tracta merament</p>
<p>d&#8217;un servei ofert amb caràcter informatiu i divulgatiu.</p>
<p>Les pàgines d&#8217;Internet de Verner Estudi Legal S.L.P poden contenir enllaços (links) a altres pàgines de terceres parts que Verner Estudi Legal S.L.P no pot controlar. Per Verner Estudi Legal S.L.P no pot assumir responsabilitats pel contingut que pugui aparèixer en pàgines de tercers.</p>
<p>Els textos, imatges, sons, animacions, programari i la resta de continguts inclosos en aquest website són propietat exclusiva de Verner Estudi Legal S.L.P o els seus llicenciadors. Qualsevol acte de transmissió, distribució, cessió, reproducció, emmagatzematge o comunicació pública total o parcial, haurà de comptar amb el</p>
<p>consentiment exprés de Verner Estudi Legal S.L.P.</p>
<p>Així mateix, per a accedir a alguns dels serveis que Verner Estudi Legal S.L.P ofereix a través del lloc web, haurà de proporcionar algunes dades de caràcter personal. En compliment del que s&#8217;estableix en el Reglament (UE) 2016/679 del Parlament Europeu i del Consell, de 27 d&#8217;abril de 2016, relatiu a la protecció de les persones físiques pel que fa al tractament de dades personals i a la</p>
<p>lliure circulació d&#8217;aquestes dades l&#8217;informem que, mitjançant l&#8217;emplenament dels presents formularis, les seves dades personals quedaran incorporats i seran</p>
<p>tractats en els fitxers de Verner Estudi Legal S.L.P amb la finalitat de poder-li prestar i oferir els nostres serveis així com per a informar-lo de les millores del lloc web.</p>
<p>L&#8217;informem també que tindrà la possibilitat en tot moment d&#8217;exercir els drets d&#8217;accés, rectificació, cancel·lació, oposició, limitació i portabilitat de les seves dades de caràcter personal, de manera gratuïta mitjançant email a: info.barcelona@vernerabogados.com o en l&#8217;adreça: C/ París,160, 1r, 2a, 08036 &#8211; Barcelona (Barcelona).</p>

<p>En compliment amb el deure d&#8217;informació recollit en article 10 de la Llei 34/2002, d&#8217;11 de juliol, de Serveis de la Societat de la Informació i del Comerç Electrònic (LSSICE) , el propietari de la web , l&#8217;informa del següent • Denominació social: Verner Estudi Legal S.L.P NIF: B44547529 • Domicili: C/ París,160, 1r, 2a, [&hellip;]</p>

<!-- This site is optimized with the Yoast SEO plugin v27.3 - https://yoast.com/product/yoast-seo-wordpress/ -->
<title>AVÍS LEGAL - Verner Abogados</title>
<meta name="robots" content="noindex, nofollow" />
<meta property="og:locale" content="ca_ES" />
<meta property="og:type" content="article" />
<meta property="og:title" content="AVÍS LEGAL - Verner Abogados" />
<meta property="og:description" content="En compliment amb el deure d&#8217;informació recollit en article 10 de la Llei 34/2002, d&#8217;11 de juliol, de Serveis de la Societat de la Informació i del Comerç Electrònic (LSSICE) , el propietari de la web , l&#8217;informa del següent • Denominació social: Verner Estudi Legal S.L.P NIF: B44547529 • Domicili: C/ París,160, 1r, 2a, [&hellip;]" />
<meta property="og:url" content="https://vernerabogados.com/ca/avis-legal/" />
<meta property="og:site_name" content="Verner Abogados" />
<meta property="og:image" content="https://vernerabogados.com/wp-content/uploads/2023/02/oficina-04-verner.jpg" />
	<meta property="og:image:width" content="1600" />
	<meta property="og:image:height" content="2133" />
	<meta property="og:image:type" content="image/jpeg" />
<meta name="twitter:card" content="summary_large_image" />
<meta name="twitter:label1" content="Temps estimat de lectura" />
	<meta name="twitter:data1" content="2 minuts" />
<script type="application/ld+json" class="yoast-schema-graph">{"@context":"https:\/\/schema.org","@graph":[{"@type":"WebPage","@id":"https:\/\/vernerabogados.com\/ca\/avis-legal\/","url":"https:\/\/vernerabogados.com\/ca\/avis-legal\/","name":"AVÍS LEGAL - Verner Abogados","isPartOf":{"@id":"https:\/\/vernerabogados.com\/ca\/#website"},"datePublished":"2023-02-20T11:24:07+00:00","breadcrumb":{"@id":"https:\/\/vernerabogados.com\/ca\/avis-legal\/#breadcrumb"},"inLanguage":"ca","potentialAction":[{"@type":"ReadAction","target":["https:\/\/vernerabogados.com\/ca\/avis-legal\/"]}]},{"@type":"BreadcrumbList","@id":"https:\/\/vernerabogados.com\/ca\/avis-legal\/#breadcrumb","itemListElement":[{"@type":"ListItem","position":1,"name":"Portada","item":"https:\/\/vernerabogados.com\/ca\/"},{"@type":"ListItem","position":2,"name":"AVÍS LEGAL"}]},{"@type":"WebSite","@id":"https:\/\/vernerabogados.com\/ca\/#website","url":"https:\/\/vernerabogados.com\/ca\/","name":"Verner Abogados","description":"Abogados en Barcelona y Andorra. Proteger a nuestros clientes, nuestra prioridad","publisher":{"@id":"https:\/\/vernerabogados.com\/ca\/#organization"},"alternateName":"Verner","potentialAction":[{"@type":"SearchAction","target":{"@type":"EntryPoint","urlTemplate":"https:\/\/vernerabogados.com\/ca\/?s={search_term_string}"},"query-input":{"@type":"PropertyValueSpecification","valueRequired":true,"valueName":"search_term_string"}}],"inLanguage":"ca"},{"@type":"Organization","@id":"https:\/\/vernerabogados.com\/ca\/#organization","name":"Verner Abogados","url":"https:\/\/vernerabogados.com\/ca\/","logo":{"@type":"ImageObject","inLanguage":"ca","@id":"https:\/\/vernerabogados.com\/ca\/#\/schema\/logo\/image\/","url":"https:\/\/vernerabogados.com\/wp-content\/uploads\/2022\/12\/logo-horizontal.png","contentUrl":"https:\/\/vernerabogados.com\/wp-content\/uploads\/2022\/12\/logo-horizontal.png","width":443,"height":67,"caption":"Verner Abogados"},"image":{"@id":"https:\/\/vernerabogados.com\/ca\/#\/schema\/logo\/image\/"}}]}</script>
<!-- / Yoast SEO plugin. -->

AVÍS LEGAL - Verner Abogados

En compliment amb el deure d&#8217;informació recollit en article 10 de la Llei 34/2002, d&#8217;11 de juliol, de Serveis de la Societat de la Informació i del Comerç Electrònic (LSSICE) , el propietari de la web , l&#8217;informa del següent • Denominació social: Verner Estudi Legal S.L.P NIF: B44547529 • Domicili: C/ París,160, 1r, 2a, [&hellip;]
